 s(y) = -12*y - 33. Let z be s(-8). Let k be 1 - (-6 - (-1 + 1)). Calculate the highest common factor of z and k.
7
Let i be (14/(-5))/(1/(-10)). Let x be 1/(-5) + (-546)/(-130). What is the highest common divisor of x and i?
4
Let t(j) = -j**2 - 10*j - 8. Let f be t(-9). Let q be (-1 + f)/(-3) - -22. Let c = 269 - 181. Calculate the highest common divisor of c and q.
22
Let j = -1 + -1. Let z be (1 - j)/((-9)/(-84)). Suppose 0 = -3*f + r - 0*r + 19, 4*f + r = 30. What is the highest common factor of z and f?
7
Let h(l) = -43*l + 4. Let y be h(2). Let a be 27/18 - y/4. Calculate the greatest common factor of 198 and a.
22
Suppose 7*f = -12 + 96. What is the greatest common factor of 3 and f?
3
Suppose 2*f + 5*c = 15, 0 = 2*f + c - 2 - 1. Let q(s) = -s**2 + 4. Let x be q(f). Let j be -3 + 5 + 52/2. What is the highest common divisor of x and j?
4
Suppose 4*k = -0*k + 580. Let z = k - 75. Calculate the highest common factor of z and 28.
14
Let t = 246 + -54. What is the highest common factor of 48 and t?
48
Let n be -4*((-2)/2 + -1). What is the greatest common factor of n and 72?
8
Let p(i) = -2*i + 30. Let m be p(11). What is the highest common divisor of m and 128?
8
Let k be 780/14 + 28/98. What is the highest common divisor of 8 and k?
8
Let g(w) = -3*w - 1. Let d be g(-5). Suppose 0 = -5*n - 1 - d. Let y be (-4 - 1)*(0 + n). What is the greatest common factor of 60 and y?
15
Let s(t) = t**2 + 17*t - 20. Let p be s(-19). Calculate the highest common divisor of p and 24.
6
Let c be -2 + 6 + (-21)/(-7). Calculate the greatest common divisor of 1 and c.
1
Suppose 3*l - 177 = -2*c + 248, -3*c - 5*l = -635. What is the greatest common factor of c and 20?
20
Suppose n + 3 + 0 = 0. Let b(x) = -19*x - 3. Let y be b(n). What is the greatest common divisor of 6 and y?
6
Let b be -14*((-84)/(-8))/7. Let n = 39 + b. What is the highest common factor of n and 6?
6
Let s = -17 + 28. Let r = 191 - s. Let b = r - 114. Calculate the highest common factor of b and 6.
6
Let b(x) = 3*x**2 - 2*x - 3. Let y be b(-3). Suppose 5*o = 2*o - 30. Let d = 16 + o. Calculate the greatest common divisor of d and y.
6
Suppose -7*b + 3*b + 392 = 0. What is the highest common divisor of b and 14?
14
Let k = 505 - 717. Let q = -86 - k. What is the highest common factor of 18 and q?
18
Suppose -24 = 5*r - 54. Let i = 8 - -3. Let y = i + 55. What is the highest common factor of r and y?
6
Suppose -3*t = -2*t + 2, -398 = -5*m - t. What is the greatest common divisor of 20 and m?
20
Let c(d) = -d**3 + 6*d**2 - 3*d + 2. Let q = 1 + 3. Let b be c(q). Let f be 33*(-1 - -7 - 0). Calculate the greatest common factor of f and b.
22
Let u(b) = 57*b**2 - 2*b. Let p(q) = q. Let f(k) = p(k) + u(k). Let j be f(1). Suppose -8 + j = 2*d. Calculate the highest common factor of d and 60.
12
Let i be -7*((-18)/14 - -1). Suppose i*w = -2*w + 20. What is the highest common factor of 2 and w?
1
Let w(p) = 2*p**2 - 8*p - 12. Let g be w(-2). What is the highest common divisor of g and 24?
12
Let u(w) = -12*w**3 - w**2. Let p be u(-1). Calculate the greatest common divisor of 22 and p.
11
Suppose 0 = -2*y + y - 9. Suppose -218 = 5*i + 3*v, 2*v = 5*i + 4*v + 217. Let d = y - i. Calculate the greatest common factor of 17 and d.
17
Let i be 0/3 + 6/(-3). Let z(x) = x**3 + 4*x**2 + 4*x + 2. Let o be z(i). Let r = o - -4. Calculate the greatest common divisor of r and 4.
2
Suppose 4*r - 25 = -r - 5*a, 13 = r + 5*a. What is the highest common factor of r and 9?
3
Let a = 25 + -35. Let y(z) = 2 - z - 2. Let m be y(a). Calculate the greatest common divisor of 80 and m.
10
Let b be 3/15 + 164/5. Calculate the greatest common factor of b and 231.
33
Let h be 6/2 - 1 - -1. Let t be (-2)/(-3) - (-4)/h. Calculate the highest common divisor of t and 14.
2
Let c = 17 + -10. Suppose -4*l = 2*o + 3*o - 22, -2*o - 3*l + 13 = 0. Suppose -175 = o*h - c*h. Calculate the highest common divisor of h and 7.
7
Let l be (-1)/((-3)/2 - -2)*-1. Let x = 0 - -3. What is the highest common divisor of l and x?
1
Suppose g + 2*a = -3*g + 258, 0 = 5*a - 15. Calculate the greatest common factor of g and 42.
21
Suppose -2*q - 59 = -x - q, 15 = -3*q. What is the greatest common factor of 27 and x?
27
Let w(q) = q**3 + 9*q**2 - 14*q - 14. Let j be w(-10). Let c = 8 + 18. Calculate the highest common divisor of j and c.
26
Let c(t) = -t**2 + 10*t. Let s be c(6). Calculate the greatest common factor of s and 72.
24
Suppose -55 = -4*g + 13. Let f = -3 + g. What is the highest common factor of f and 7?
7
Let b(p) = 42*p - 7. Let r be b(2). Calculate the greatest common divisor of 7 and r.
7
Suppose 4*m = 3*l - 296, 17 = 5*m + l + 406. Let i = 117 + m. Calculate the highest common factor of 4 and i.
4
Let a(q) = q**3 - 4*q + 1. Let s be a(3). Calculate the highest common factor of s and 112.
16
Let w = 53 - 26. Suppose 0 = 4*m - 2*m - 30. Let y = w - m. What is the highest common factor of 8 and y?
4
Suppose 5*u = 12 + 28. Let o be 26/(-8)*u/(-2). Let v = o + 1. Calculate the greatest common factor of v and 112.
14
Let m(c) = 2*c**2 - 10*c + 6. Suppose 0 = u + u - k + 1, -5*u + 3*k = 1. Let a = 4 - u. Let i be m(a). What is the highest common divisor of 6 and i?
6
Let s be 43/9 - (-4)/18. What is the highest common divisor of 2 and s?
1
Let y = -150 - -294. Calculate the greatest common factor of 18 and y.
18
Let s be (6/(-9))/(8/(-156)). Calculate the highest common factor of 52 and s.
13
Suppose 0 = 4*z + 2*d + 6, d = -z - 0*d - 4. Calculate the greatest common divisor of 2 and z.
1
Let q be -1 - 1 - -1 - -4. Suppose 3*n - 70 = -5*u + 4*n, u - 14 = 2*n. Suppose 5*a + u = 134. Calculate the highest common factor of a and q.
3
Let y = -3 + 1. Let w = 1 + y. Let s be (20/8)/(w/(-2)). What is the greatest common factor of s and 1?
1
Let h(z) = -2*z - 1. Suppose 4*m + 17 = y, 2*y = -2 + 4. Let x be h(m). Suppose 4*k - 5 = x. Calculate the greatest common factor of 12 and k.
3
Let g(r) = r**3 - 6*r**2 + r - 5. Let c be g(7). Suppose 5*q = c + 9. Calculate the greatest common factor of 60 and q.
12
Suppose -3*k + 96 = -4*t, -5*t = -3*k - k + 129. Calculate the highest common divisor of 4 and k.
4
Let d(j) be the third derivative of -j**4/24 - 2*j**3/3 + 3*j**2. Let t be d(-6). Suppose t*s = -2*s + 160. What is the highest common divisor of 5 and s?
5
Let f = 21 - 16. Calculate the highest common factor of 5 and f.
5
Let h(g) = -g**2 + g + 2. Let c be h(4). Suppose q - 139 + 52 = 0. Let n = q + c. Calculate the greatest common divisor of n and 11.
11
Suppose z + 0*z - 11 = 0. Suppose 24 = w - z. What is the greatest common factor of w and 7?
7
Let t(d) = 2*d - 8. Let x(s) = -1. Let v(b) = t(b) - 6*x(b). Suppose 3*n = -n + 20. Let c be v(n). Calculate the highest common divisor of c and 2.
2
Let i = -31 - -33. Suppose 0 = 4*b - 45 - 19. What is the greatest common divisor of i and b?
2
Suppose 4*k + 109 = -71. Let i be k*(2 - (-8)/(-3)). Suppose y = i - 8. What is the highest common divisor of y and 55?
11
Let s(u) = 3*u**3 - 2*u + 1. Let d be s(1). Let n = -21 - -14. Let x(o) = o**2 + 3*o - 8. Let j be x(n). Calculate the highest common factor of d and j.
2
Suppose 0 = -y - 2*f + 5, 5*f - 3 = -28. Suppose 2 + 2 = 2*z. Let h be 8 - (-4 + z/1). What is the highest common divisor of y and h?
5
Suppose -5*n + m + 2*m + 406 = 0, 4*m - 392 = -5*n. Calculate the greatest common divisor of n and 10.
10
Suppose 155 + 274 = 3*r. Calculate the greatest common factor of 13 and r.
13
Suppose -v = -4*v + 30. What is the greatest common factor of v and 20?
10
Let a = 3 + -3. Suppose 3*w + 6*s = 3*s + 9, a = -4*w - 5*s + 11. What is the greatest common divisor of 1 and w?
1
Let x(p) = -2*p - 4. Let z be x(-10). Calculate the highest common factor of z and 2.
2
Suppose 0 = 5*u - 24 - 126. Calculate the greatest common factor of 105 and u.
15
Let i be 5*(118/10 + 1). What is the highest common factor of 8 and i?
8
Suppose -5*z + 2*z + 120 = 0. Let h = -20 + z. Calculate the highest common factor of h and 2.
2
Let p be (-11)/66 + 75/18. Calculate the highest common divisor of 36 and p.
4
Let a be 1/(-1 - 8/(-6)). Suppose -a*t = 3*r - 9 - 24, t = 4*r + 21. Let q = 122 + 21. What is the greatest common divisor of t and q?
13
Suppose 2*r + 2 = 3*r. Let o be (-4)/(-8